 + 7. Suppose -a*g - 5*l + 764 = 0, 3*g + 190 - 1336 = 3*l. What is the hundreds digit of g?
3
Let d(a) = -3*a - 52. Let b be d(-18). Let v(x) = x + 6. Let f be v(-4). Suppose 4*r - b*n = -7*n + 339, n + 159 = f*r. What is the units digit of r?
1
Let b be 47/4 + (-20)/(-80). Let l be 2 - (-2)/3*b. What is the units digit of (-6 + l)/(3/18)?
4
Let z(f) = f**3 - 14*f**2 - 97*f - 344. What is the units digit of z(37)?
4
Let k be -92 - ((-4)/(-2) - 3). Let m = k - -881. Suppose 0*o = -4*o + s + 631, s = 5*o - m. What is the hundreds digit of o?
1
Let c be (-45 + 1)*((-27)/12)/(-3). Let n = c - -157. Let f = n + -30. What is the tens digit of f?
9
Suppose -4*u - 48610 = -89*p + 88*p, 3*p = -u + 145908. What is the tens digit of p?
3
Suppose 227*y + 6048 = 234*y. Let q = -518 + y. What is the tens digit of q?
4
Let t = 39407 + -33535. What is the thousands digit of t?
5
What is the hundreds digit of (-32678 - 10)*1/(-3)?
8
Let o = 951 + -885. Suppose -o*q + 64*q = -610. What is the hundreds digit of q?
3
Suppose 5*i + 5 = 0, -4*x + 178*i + 15966 = 176*i. What is the thousands digit of x?
3
What is the thousands digit of 3*(-7 - -2338) - 2?
6
Suppose 0 = i - 31*i + 13440. Suppose 5*f + 648 = w, 0 = 3*w - 5*f - 624 - 1290. Let o = w - i. What is the hundreds digit of o?
1
Suppose 0 = -5*q - 50*q + 440. Suppose -q*j - 357 = -2637. What is the tens digit of j?
8
Suppose -4*d + 7*d = -2*s + 3048, 3*d - 3*s = 3063. Suppose 4*g - 102 = o + d, -3*o + 1417 = 5*g. What is the tens digit of g?
8
Suppose -31*k - 719610 = 609794. What is the tens digit of k/(-497) - 2/7?
8
Let l(s) = 140*s - 812. What is the units digit of l(68)?
8
Let x be ((-2)/(-6) - 0)/(2/66). Suppose 0 = 2*o - 5*u - 43, u + x = -o - 3*u. Suppose -5*z = -o*z + 508. What is the hundreds digit of z?
1
Suppose 3*h + 3*c = 6, 7*h - 12*h = -2*c - 31. Let z be (-6 + 9/3)/(-1). Suppose h - 57 = -g - 5*d, -5*g + z*d = -372. What is the units digit of g?
2
Suppose -2*j + 3*o = -101, 2*j - 4*j - 5*o + 93 = 0. What is the units digit of 42940/28 + (-3)/j*-7?
4
Suppose -w + 13 + 4 = -u, 5*w = u - 3. Let l = u + 55. Suppose 3*m + l = 387. What is the tens digit of m?
1
Suppose -4*h = -2*u - 128966, 3*h - 41*u + 44*u - 96747 = 0. What is the ten thousands digit of h?
3
Suppose 0 = -13*i - 10*i + 5*i. Suppose 89*a - 88*a + 25 = i. What is the hundreds digit of 330/a*(-17 + 1 + 1)?
1
Suppose -91*x + 8047369 = 105*x + 43*x. What is the thousands digit of x?
3
Suppose -5*z + 9*z + 8120 = 167596. What is the thousands digit of z?
9
Let t(p) = -p**3 + 7*p**2 + 25*p + 9. Suppose 8 = -2*m, 2*j - 3*m - 47 = -3*j. What is the units digit of t(j)?
4
Suppose 2403 = 4*r - 5*d, -4*r = -3*d - 3016 + 619. Let m = 1339 - r. What is the units digit of m?
2
Suppose 13717*p - 13701*p - 513456 = 0. What is the thousands digit of p?
2
Suppose 5*h + 234 = 5*a + 19, 2*h - 3*a + 90 = 0. Let l = h - -44. Suppose -2*r + 5*u - 349 = -l*r, 0 = 5*r - 3*u - 559. What is the hundreds digit of r?
1
Let i(b) = 8*b + 28. Let p be i(-4). Let k(z) = 3*z**2 - 4*z - 17. What is the tens digit of k(p)?
4
Let c = 108 + 164. Suppose -17*a = -1377 - c. What is the tens digit of a?
9
Let g = 36260 - 10921. What is the tens digit of g?
3
Suppose 26*j - 22*j + 35992 = 4*w, -27001 = -3*w + 2*j. What is the tens digit of w?
0
Let h be (-4 - -14)*16 - 3. Suppose 159*j - h*j = 16. Suppose j*y = 4*y + 660. What is the hundreds digit of y?
1
Suppose 64*p - 884309 = -160341. What is the units digit of p?
2
Suppose 15*y - 4584 = 1821. Suppose 9*a = y + 275. Let s = a - -64. What is the tens digit of s?
4
Let z be (7 - 3) + -5 + (-4 - -2). What is the units digit of (1 + (-2984)/12)*z?
3
Let o be -342 - (4 - (-2 + 8)). Suppose -4*x - 2*z - 800 = 0, 0 = -4*x - 0*x + 4*z - 800. Let q = x - o. What is the hundreds digit of q?
1
Suppose 20 = 4*x - 5*s, 3 + 9 = 3*s. Suppose -9*n = -x*n - 4*i + 830, -2*n - i = -1660. What is the units digit of n?
0
Suppose -6*y = -154 + 118. Let c(v) = -v**3 + 9*v**2 - 6*v - 15. What is the tens digit of c(y)?
5
Let b = -1467 - -3338. What is the thousands digit of b?
1
Let q = -9220 - -14140. What is the tens digit of q?
2
Let q(j) = 3*j**2 + j + 21 + 0*j**2 + 3*j**2 + 11*j. What is the units digit of q(-8)?
9
Let z = -1122 - -1659. Let o = 874 - z. What is the units digit of o?
7
Let g(m) = -2*m**3 - 3*m**2 + 14*m - 45. Let v be g(5). Suppose 2*d - 16 = 16. What is the units digit of (-6 + v/d)/((-1)/4)?
9
What is the units digit of 50356 - (-21)/(42/(-8))?
2
Suppose 5*r - 9 = 16. Let u(a) = 16*a**2 + 35*a + 2. What is the hundreds digit of u(r)?
5
Suppose -940 = -2*g + 3*i + 120, -g - 5*i = -517. What is the tens digit of -4*(-2)/((-32)/12) + g?
2
Suppose 0*i + 140 = -2*i - 2*h, 0 = 4*h - 20. Let s = i - -189. What is the tens digit of s?
1
Suppose 1200*i + 239184 = 1233*i. What is the hundreds digit of i?
2
Suppose -2*i + 37 = -2*t + 7, 3*t = -3*i + 15. Suppose -10*s + 5*s + i = 0. Suppose o - 4*n = -4*o + 418, s*o + 5*n = 187. What is the tens digit of o?
8
What is the units digit of 28/(-21) + (-124000)/(-48)?
2
Let a = 34543 - 12595. What is the thousands digit of a?
1
Suppose -5222 = 42*h - 16204 - 4768. What is the tens digit of h?
7
Suppose -5574 - 3615 = -3*h + 5*j, 5*j - 12182 = -4*h. What is the thousands digit of h?
3
Let b(z) be the second derivative of z**4/12 - 2*z**3/3 - z. Let x = 152 - 156. What is the tens digit of b(x)?
3
Suppose -3*p = -1937 - 238. What is the tens digit of p?
2
Suppose 318 = 2*d + 2*r, 5*d - 2*r - 153 = 4*d. Let f = -528 + 634. Let m = d - f. What is the tens digit of m?
5
Let m = -13804 - -24379. What is the thousands digit of m?
0
What is the thousands digit of 5900 + 3 + (1 - -5)?
5
Let f(h) = -28*h - 37. Let z be 0 - -34*7/(-14). What is the tens digit of f(z)?
3
Let v(o) = o**2 - 4*o - 42. Suppose 0 = -7*w - 0 + 14. Suppose -u + 1 = -2*r, -w*u - 3*r - 19 = -u. What is the units digit of v(u)?
5
Suppose -2*s - 3 = s + 3*p, 2*s = -p. Let c(t) be the first derivative of 8*t**3/3 - t**2 - 1738. What is the units digit of c(s)?
6
Suppose 24*h - 40*h = -304768. What is the tens digit of h?
4
Suppose -3*j = t + 1, -4*t + 2*j - 35 = -17. What is the hundreds digit of 29666/65 + t/10?
4
Suppose 0 = 2*g + 4*v + 19 - 35, 0 = 2*g + 2*v - 8. Suppose -13*m + 1564 + 2804 = g. What is the tens digit of m?
3
Let u be (-452)/(-5) - 16/40. Let m = u - 132. Let a = 1 - m. What is the tens digit of a?
4
Let t(d) = 18*d**2 - 7*d + 4. Let w(l) = -3*l - 17. Let m be w(-7). Let k be t(m). What is the units digit of (k/60)/((-1)/(-5))?
2
Let r(t) = -t - 4. Let p = 101 + -104. Let a be r(p). What is the tens digit of a/(9 + -5) + 505/4?
2
Let w(u) = 4*u**2 + 34. Let d be w(0). Let k(x) = -x**2 - 7*x - 4. Let y be k(-7). What is the units digit of -3 - (d - y)/(-2)?
6
Suppose -201852 = -4*p + 2*i, 2*p + 3*i - 108891 = -7941. What is the ten thousands digit of p?
5
Let d = 3320 - -5366. What is the units digit of d?
6
Suppose 0 = -l + 3*l + 2*f - 5188, -f - 5 = 0. Suppose -4*m + 3*v = -l, -51*v + 54*v - 1965 = -3*m. What is the hundreds digit of m?
6
Suppose -9779 = -5*b + 11001. What is the hundreds digit of b?
1
Let b be ((-4055)/(-3))/((-4)/(-12)). Suppose 22*j - b = 17*j. What is the hundreds digit of j?
8
Let g be 3 + (-4 - (2 + 9/(-3))). Suppose g = -8*h + 2*h - 1302. Let q = h - -304. What is the units digit of q?
7
Let y be 4*(-5)/10 - -7. Suppose -4*g = 2*j - 706, -y*j + 2*g - g = -1754. What is the tens digit of j?
5
Let p(k) = -274*k + 331. What is the tens digit of p(-108)?
2
Suppose 836 = w + 3*s - 4*s, -5*w = 4*s - 4144. Suppose 5*z - w = 3*z. Suppose -7*i - 59 = -z. What is the tens digit of i?
5
Suppose -5016*m + 5011*m + 21070 = 0. What is the units digit of m?
4
Suppose 11*h - 5*s - 63430 = 25704, 5*s + 16198 = 2*h. What is the thousands digit of h?
8
What is the hundreds digit of -5 + 8/16*((-41223)/(-1) + 1)?
6
Suppose w = 4*w - b - 60, 5*w = 3*b + 100. Let h be (w/30)/((-1)/(-12)) + 1. What is the tens digit of h/2*4/(-6) + 21?
1
Suppose 17*k = -12*k + 58. What is the thousands digit of 1872/520*745/k?
1
Suppose 17 = 3*m + 4*f, 0 = -2*m + 3*f - 0*f. Suppose -3*o + b + 2266 = 366, -m*b = -5*o + 3164. What is the hundreds digit of o?
6
Let t = -1433 + 6669. What is the units digit of t?
6
Le